 - 2222, -k - 4*n + 633 = 0. List the prime factors of k.
641
Let m(l) = -l**3 + 11*l**2 + 22*l. List the prime factors of m(9).
2, 3, 5
Suppose -154*h + 5851 = -151*h + 4*k, -3*h + 5*k + 5842 = 0. What are the prime factors of h?
1949
Let q be (-234)/(-27)*3/2. Suppose -2*g + 3*g = q. Suppose -3*r - r + g = 3*n, 2*n + 2*r = 10. List the prime factors of n.
7
Let r(z) = z**2 - 4*z - 11. Let j be r(6). What are the prime factors of -2 + j + (-5 - -79)?
73
Suppose 164*j - 6636 = 161*j. List the prime factors of j.
2, 7, 79
Suppose -u + 533 = -2*p - p, 2*u + 3*p - 1066 = 0. List the prime factors of u.
13, 41
Suppose 3*p = 0, -p + 7346 = 4*u - 9094. List the prime factors of u.
2, 3, 5, 137
Let p(f) = f**3 - 4*f**2 + 2. Let h be (1 + (-9)/6)*8. Let m = h - -8. List the prime factors of p(m).
2
Let y be 10*-1*(-8 + (1 - -2)). Suppose -4*c = 5*f - 366, 0*c = -f + 5*c + y. What are the prime factors of f?
2, 5, 7
Let i(a) = 40*a**3 + 6*a**2 - 73. What are the prime factors of i(5)?
5077
Let t = 6489 - 3214. What are the prime factors of t?
5, 131
Suppose -456 = -q - 3*q. Suppose -4*k + 114 = b + 2*b, -3*b + q = -2*k. What are the prime factors of b?
2, 19
Suppose 7 = -s + 2. Let u(o) = -3*o - 20. Let l(m) = -3*m - 20. Let c(b) = s*u(b) + 4*l(b). List the prime factors of c(12).
2, 7
Suppose -5*o + 4*z - 99 = 0, -2*o - 3*o + z = 96. Let y = o + 89. What are the prime factors of y?
2, 5, 7
Suppose -4*m = -0*m + h - 18571, 2*m - 2*h - 9288 = 0. List the prime factors of m.
4643
Let r(u) = 37*u**2 - 13*u + 63. What are the prime factors of r(7)?
3, 5, 7, 17
Let b(c) = c**2 - 11*c + 12. Let k be b(5). Let n = 81 + k. What are the prime factors of n?
3, 7
Suppose 2*b + 4*w + 2 = b, b + 2*w + 4 = 0. Let v be ((-9)/b - 2)*-6. Suppose -z + v = 5*c - 4*z, -4*c + 4*z = 4. List the prime factors of c.
3
Let y = -1098 - -1594. List the prime factors of y.
2, 31
Suppose -26*c = -24*c - 328. Suppose 5*q = -c + 544. What are the prime factors of q?
2, 19
Let a = 10049 - 7042. What are the prime factors of a?
31, 97
Let w = -1044 - -1869. What are the prime factors of w?
3, 5, 11
Suppose -11*v + 8*v + 246 = 0. Let p = v + 8. What are the prime factors of p?
2, 3, 5
Let i = 443 + -191. Suppose -m = 3*m - i. List the prime factors of m.
3, 7
Let b = 21 + -19. Let j be (15/(-6) + 4)*b. Suppose j*c - 273 = -4*c. List the prime factors of c.
3, 13
Let d(c) = c**3 + 16*c**2 + 17*c + 30. Let w be d(-15). Let j(g) = g**2 + g + 38. List the prime factors of j(w).
2, 19
Let w = -11 - -11. Let u(z) = 4 + z + 12 + 24 + 6. List the prime factors of u(w).
2, 23
Suppose 6043 = 7*s + 1969. List the prime factors of s.
2, 3, 97
Let b(k) = k**3 - 13*k**2 - 3*k + 32. Let w be b(13). Let i(r) = -13*r + 14. What are the prime factors of i(w)?
3, 5, 7
Let h = -16 + 18. Suppose h*a + 20 = 6*a. Suppose -5*y - 37 = -s - y, -3*s + a*y = -111. List the prime factors of s.
37
Let d(q) = 0*q + 3*q + q + 55. Let f be 4/8 - (-2)/(-4). What are the prime factors of d(f)?
5, 11
Let j(h) = 29*h**2 - 24*h - 113. What are the prime factors of j(-4)?
3, 149
Let m(f) = -7*f - 5. Let h(u) = -u**2 - 9*u - 15. Let w be h(-8). What are the prime factors of m(w)?
2, 11
Let g = 40 - 22. Suppose w + 5*h - g = h, 90 = 5*w - 3*h. What are the prime factors of w - 12/(-4 - -7)?
2, 7
Let c(w) = -w - 16. Let y be c(-17). Let o be 2 - y/1*47. Let l = -18 - o. What are the prime factors of l?
3
Let f(z) = 7*z - 38. Let i(a) = 8*a - 37. Let u(y) = -6*f(y) + 5*i(y). What are the prime factors of u(13)?
17
Suppose 2*q = 1158 + 786. Suppose 3*m + m = -q. What are the prime factors of m/(-15) + 1/(-5)?
2
Let r(k) = k**3 - 6*k**2 + 7*k - 4. Let p = 14 - 10. Let i be r(p). Let h = i + 12. What are the prime factors of h?
2
Let m be 2/2 - 85/2*-2. Suppose 262 = 11*s + m. What are the prime factors of s?
2
Suppose -2*n - 3*n = 0. Suppose -48*d + 72 = -42*d. Suppose 15*a - d*a - 63 = n. List the prime factors of a.
3, 7
Let y(w) = -w**3 - 21*w**2 - 18*w + 47. Let q be y(-20). Let i(j) = -j**3 - 2*j**2 - j. Let m be i(-1). Suppose -a = -m*a - q. List the prime factors of a.
7
Suppose 2*h + 2*h - 852 = 0. Let k = -107 + h. Suppose 2*f - k = -26. What are the prime factors of f?
2, 5
Suppose 0*h - 535 = -h - 2*t, 0 = -2*h - t + 1061. What are the prime factors of h?
23
Suppose 176*z - 184*z + 10584 = 0. List the prime factors of z.
3, 7
Suppose 21*o - 16*o - 2460 = 0. What are the prime factors of o?
2, 3, 41
Let y(d) = -100*d - 14. List the prime factors of y(-3).
2, 11, 13
Let q = -1893 + 4941. What are the prime factors of (-8)/10 + q/60?
2, 5
Let j(z) = z + 10. Let g be (-2)/((-12)/3)*20. Let s = g - 0. List the prime factors of j(s).
2, 5
Let y(n) be the third derivative of 0 + 25/24*n**4 - 7*n**2 + 0*n - 5/6*n**3. What are the prime factors of y(2)?
3, 5
Let l = 371 - -166. What are the prime factors of l?
3, 179
Suppose 0*u = -u. List the prime factors of (u - 51)*(-9 - 30/(-5)).
3, 17
Suppose 0 = -2*v + 2349 + 1431. List the prime factors of v.
2, 3, 5, 7
List the prime factors of 10/6 + 2 + 16088/6.
3, 5, 179
Let l = -2 - 5. Let x be 2/l + (-1162)/49. List the prime factors of (x/(-4))/((-6)/(-20)).
2, 5
Let c be ((-36)/(-6))/(-3 - 355/(-119)). Let p = 505 + c. What are the prime factors of p?
2, 37
Suppose 4*b - 4095 = -3*p, -3*p + 4*b - 562 = -4633. List the prime factors of p.
1361
Suppose 0*n = -3*n - 87. Let g = n - -64. What are the prime factors of g?
5, 7
Let b(z) be the second derivative of z**5/20 + 13*z**4/12 - 2*z**3 + 15*z**2/2 + 5*z. Let y be b(-14). Let l = y - -17. List the prime factors of l.
2
Suppose -5*j + 3*h = -2099, -5*j + h - 6*h = -2075. Suppose -5*n - 249 = -2*v, -4*v + 5*n + 65 = -j. What are the prime factors of v?
3, 13
Let u(g) = 20*g + 17. Let r(t) = -20*t - 16. Let l(c) = 4*r(c) + 5*u(c). List the prime factors of l(4).
101
Suppose 0 = 3*y + 5*b - 180, 2*y - y - b - 52 = 0. What are the prime factors of y?
5, 11
Let g = 13843 + -9812. List the prime factors of g.
29, 139
List the prime factors of (-162)/(4*1 + (-2 - 4)).
3
Suppose -16 + 49 = q. Let v be 4/22 - (-753)/q. Let h = 32 - v. What are the prime factors of h?
3
Let j be 12 + -7 - (1 - 640). Suppose 83 - j = -3*u. List the prime factors of u.
11, 17
Let z = -39 - -276. What are the prime factors of z?
3, 79
Let n = 340 - 190. List the prime factors of n.
2, 3, 5
Let f be (-1)/(-4) + 276/48. Let h = 8 - f. Suppose 5*d - h*o - 133 = -6*o, 3*d + 4*o = 75. List the prime factors of d.
29
Let d be ((-3)/2)/(18/(-24)). Let k(z) = 4*z**2. Let l be k(d). What are the prime factors of (-19)/(-4) + 4/l?
5
Let g be (36/3)/((-21)/14). Let w(u) = -30*u + 2. What are the prime factors of w(g)?
2, 11
Let a(g) = -5*g**3 - 17*g**2 - 4*g + 20. What are the prime factors of a(-6)?
2
Suppose 3*w = -4*f - 10, -5*w + 1 = 5*f + 11. Suppose t + w*i - 91 = 0, 8*i = -3*t + 3*i + 274. What are the prime factors of t?
3, 31
What are the prime factors of -1*(-69)/(-6)*(-16 - 2)?
3, 23
Let k(y) = y**2 - 35*y + 21. What are the prime factors of k(-27)?
3, 5, 113
Let h(x) be the third derivative of 5*x**4/24 + 8*x**3/3 - 20*x**2. Let s(b) = b + 19. Let m be s(-13). List the prime factors of h(m).
2, 23
Suppose -232 = -5*w + l + 1874, -5*w - l = -2104. What are the prime factors of w?
421
Let m be 2/4*(-5 + 5). Suppose -3*t = -m*t - 78. List the prime factors of (3 + 0 - t)/(-1).
23
Let b = -2 + 5. Suppose -5*u + 2*s = -2*u - 105, 96 = b*u + s. What are the prime factors of u?
3, 11
Suppose 143*v = 139*v + 8508. What are the prime factors of v?
3, 709
Suppose 0 = -8*z + 5*z + 6. Suppose z*d = -0*d - 12. Let k(f) = f**3 + 6*f**2 + 8. What are the prime factors of k(d)?
2
Suppose 8*v - 332 = 7*v. Let i = -190 + v. What are the prime factors of i?
2, 71
Let d = 217 - -77. Suppose 0 = -0*o - 3*o - d. Let p = -65 - o. What are the prime factors of p?
3, 11
Let s = 66 - 64. List the prime factors of 251 - 1/(s + -3).
2, 3, 7
Suppose 4*g - j - 15 = 0, 6*g + 5*j = 5*g + 9. What are the prime factors of (2330/15 - 3) + g/6?
3, 17
Suppose 0 = -n + 9 - 6. List the prime factors of (-3)/(-3) + (n - -65).
3, 23
Let u be 1*(-1 - -3 - -3). Suppose 8*z + v = 3*z + 291, 0 = -z + u*v + 79. Suppose 2*b = -4*w + 36, 4*b + w = z + 20. What are the prime factors of b?
2, 5
List th